69. List the prime factors of f.
7, 5261
Suppose 354*x - 54344 = 346*x. List the prime factors of x.
6793
Let o = 153885 + -100157. What are the prime factors of o?
2, 23, 73
Suppose -3*z - 5*s - 3 = -24, -2*z + 4*s = 8. Suppose 3*f - 1321 = g, -z*g + 1761 = 4*f - 3*g. List the prime factors of f.
2, 5, 11
Suppose 97*l = 103*l - 57120. What are the prime factors of l?
2, 5, 7, 17
Let l be (-12)/27*3*-3. Suppose 2*i - 18 = -4*d, 12 = i - d + l*d. Suppose -3*o + 6*o - 9 = 0, 0 = -i*u + 3*o + 57. List the prime factors of u.
2, 11
Let l be (-4 - (-7 + 4))/((-2)/394). Suppose 201*u = l*u + 1816. What are the prime factors of u?
2, 227
Suppose 3*o - 12 = 0, 4*a + 0*a - 3056 = 4*o. List the prime factors of a + -1 + (-45 - -38).
2, 5, 19
Let v(k) be the third derivative of -k**6/120 + k**5/4 - 5*k**4/12 + 11*k**3/3 + 22*k**2. List the prime factors of v(13).
2, 5, 23
Suppose 5*j = -8 + 13, r - 2*j - 3 = 0. Let p be 1/2*(-12)/(-10)*r. Suppose p*o - 65 = -x - 0*x, 4*o - 5*x - 93 = 0. What are the prime factors of o?
2, 11
Suppose 3*v - 248 = -239. List the prime factors of -148*(5 - (235/20 + v)).
3, 13, 37
Let p(s) = -2*s**3 - 20*s**2 - 192*s + 167. List the prime factors of p(-27).
30137
Let j = 147 + -142. List the prime factors of 354/3 + 1 - 5 - j.
109
Suppose 79*y - 81*y = -4*c + 5012, -5*c + 6292 = 2*y. List the prime factors of c.
2, 157
Let o(f) = 19991*f + 3183. List the prime factors of o(2).
5, 89, 97
Let q be 40/(-7) - -6 - 4/14. Suppose -2*v + 3*h = -19, q*v + 2*v - 4 = -2*h. Suppose 0 = -v*g + 232 + 458. What are the prime factors of g?
2, 3, 23
Suppose 4*x - 1755 = 1573. Suppose -4*d - 88 = x. Let t = -116 - d. What are the prime factors of t?
2, 3, 19
Let t(h) = -875*h - 324. What are the prime factors of t(-13)?
43, 257
Let l(m) = 331*m. Let g be 3/(2 + 1) + (4 - 6). Let z be l(g). Let r = z + 558. What are the prime factors of r?
227
Let l(x) = 4*x + 1. Let q(j) = -j - 1. Let d be q(10). Let v be l(d). Let r = v + 77. What are the prime factors of r?
2, 17
Let r be ((-4)/5)/((-38)/34105). Let o = r + 774. What are the prime factors of o?
2, 373
Let r = 8934 - 5353. Suppose 2*c = 2*y + 209 - r, -5*y = -2*c - 8418. What are the prime factors of y?
2, 29
Suppose -2*o = o - 51. Suppose -o = -3*l - 47. List the prime factors of ((-118)/l)/(-5 + (-52)/(-10)).
59
Let d(l) = 8*l + 40. Let r be d(0). What are the prime factors of -1 + ((-6576)/r)/(2/(-5))?
2, 5, 41
List the prime factors of (-6 + 24 - -66670) + 12.
2, 5, 23, 29
Suppose -4*z - 4 = 0, -z + 101 = -4*i - 2*z. Let n be (30/i)/(1 + (-67)/65). Suppose 0 = c + 3*o - 18, 7*o - 3*o = c - n. List the prime factors of c.
3
Let f = 159 - -465. Suppose -3*o - 4*r = 386, -f = 4*o + o - 3*r. Let b = o - -208. List the prime factors of b.
2, 41
Suppose 33 + 5 = 2*y. Let u(x) = -x**3 + 20*x**2 - 16*x - 18. Let b be u(y). What are the prime factors of b*(-3 + (-14)/(-3))?
5, 13
Let s(d) = 4*d**2 + 95*d + 1235. List the prime factors of s(-68).
23, 577
Let s = 91627 - 13920. List the prime factors of s.
7, 17, 653
Let w = 3722 + -2415. Let f = w + -665. List the prime factors of f.
2, 3, 107
Suppose 2*d - 5 = 7*d. Let y(g) = -82*g - 1. Let c be y(d). Let h = -46 + c. What are the prime factors of h?
5, 7
Let m be (48/10)/(-6)*(-10)/2. Suppose 0 = -q + 2*i + 312, 19*i - 1193 = -m*q + 16*i. List the prime factors of q.
2, 151
Suppose 18 - 90 = -6*q. Let b(g) = 2*g - 1. Let x(f) = -3*f + 2. Let s(u) = -3*b(u) - 4*x(u). List the prime factors of s(q).
67
Let l = 81 + -104. Let a = -24 - l. List the prime factors of (a - (-2864)/22) + (-74)/407.
3, 43
Suppose -48 = -18*i + 15*i. Suppose 3*v - 2270 = -5*d, i*d + 766 = v + 20*d. What are the prime factors of v?
2, 3, 5
Let n = -31 - -43. Let w = n + -11. List the prime factors of ((-10)/4 + w)*(24 - 50).
3, 13
Let l(a) = 20*a**3 - 20*a**2 + 12*a - 57. What are the prime factors of l(7)?
3, 11, 179
Let f(t) be the second derivative of 5*t**3/6 - 4*t**2 - 2*t. Let x be f(7). Suppose -4*d = 4*p - 13 - 15, -d + x = -4*p. List the prime factors of d.
11
Let v = 28068 + -16252. List the prime factors of v.
2, 7, 211
Suppose -2*s - 21*v + 23*v + 20 = 0, -3*v + 18 = 5*s. List the prime factors of (-1602)/((3 - s)*(-2)/(-3)).
3, 89
Suppose 0*b = -3*q - 3*b + 39, -1 = -q + 3*b. List the prime factors of q - 8 - (4 + -1445).
3, 13, 37
Suppose s + 2*b = -3*b - 6, s + b = -2. List the prime factors of s*(-1405)/5 + 3.
2, 71
Suppose 2*t - l + 3*l = 2108, -3*l + 5272 = 5*t. Suppose -5*g = -6*w - t, -5*w = -3*g + 32 + 594. What are the prime factors of g?
7, 31
Let m(g) = -g**2 - 54*g + 97. Let o be m(-44). What are the prime factors of (o - (0 - -1))*3/2?
2, 3, 67
Let u = -208 - -79. Let o = 104 - u. What are the prime factors of o?
233
Suppose -z + 10 = p, -2*p - 10 = -z - p. Suppose -z*k + 12*k = 136. List the prime factors of k.
2, 17
Let z(j) be the first derivative of j**4/4 - 5*j**3 + 23*j**2/2 - 9*j + 14. Let t(r) = -r + 25. Let h be t(11). What are the prime factors of z(h)?
3, 13
Let g(u) = 3*u**2 - 10*u + 27. Let l be g(7). Let v = l - 102. What are the prime factors of v?
2
Let g be (-2)/(-3)*(2 + -8). Let f = g + 6. Suppose -2*a - f*a = y - 25, 2*y + 5*a - 56 = 0. What are the prime factors of y?
3, 11
Suppose 0 = -901*u + 691*u + 6398980 - 960400. List the prime factors of u.
2, 23, 563
Suppose 4*v + 0 + 10 = -y, -v - y - 1 = 0. What are the prime factors of 62221/(-86)*(v - -1)?
1447
Let h be -1 + (-5)/(-7) - 300/(-70). Suppose 3*f - 5*f + 718 = h*m, 202 = m + 5*f. What are the prime factors of m?
3, 59
Let m(v) = 17953*v**2 + 57*v + 2. List the prime factors of m(1).
2, 3, 19, 79
Let v(p) = 1807*p**2 + 284*p + 1148. List the prime factors of v(-4).
2, 7, 1033
Suppose -1 = d - 8. Let i(c) = 8 + 5 + 6 + 8*c - 1. What are the prime factors of i(d)?
2, 37
Suppose -6*k + 8087 = -30865. List the prime factors of k.
2, 3, 541
Let v(j) = j**3 + 6*j**2 + 15. Let g be v(-7). Let w be (1/(-5) + 1)/(g/(-170)). List the prime factors of (-436)/(-6) + w - (-2)/6.
7, 11
Suppose 0 = 3*p - o + 55 - 20, p + 10 = 2*o. Let g(t) = -72*t + 43. List the prime factors of g(p).
907
Suppose 2*a - 6*a + o = -28, 0 = -o - 4. List the prime factors of (-9)/18*6*(-514)/a.
257
Suppose 2*i + 3*n + 5 = 27, 0 = -i - 2*n + 13. Let z = i - -526. Suppose 0 = v - 3*u - 226, 3*v = 4*u + z + 152. List the prime factors of v.
229
Let z be ((0 + -3305)/5*-7)/1. Suppose -z + 985 = -6*d. What are the prime factors of d?
607
Let f = 17 + -13. Suppose f*k + 0*k + 20 = 0. Let a = k - -8. What are the prime factors of a?
3
Suppose 5*g = -6*h + 5*h + 28668, -4*g = 4*h - 114656. List the prime factors of h.
28663
Let r(l) = l**2 + 3*l - 45. Let a(o) = o**3 - 8*o**2. Let g be a(8). Let t be r(g). Let p = t + 100. What are the prime factors of p?
5, 11
Suppose 3*i = 8*i - 880. Let b = i - 132. Suppose -r = 3*k - b, 0 = -2*k + r + 2*r + 44. What are the prime factors of k?
2
Suppose -8*h = -1265 - 831. Let f = h - -196. List the prime factors of f.
2, 229
Suppose 0 = -3*i - 3*w + 84387, 5*w - 28169 = 3*i - 112500. What are the prime factors of i?
2, 3, 43, 109
Suppose -2*v = -y - 56, 5*v + 0*v - 133 = -y. Suppose 1344 = -24*h + v*h. What are the prime factors of h?
2, 7
Suppose -r + 7*c = 2*c + 1, -c - 15 = -4*r. Suppose -4*s = 4*m - 4696, -r*s - 1368 = m - 6079. List the prime factors of s.
3, 131
What are the prime factors of (-444)/30*(-850 + 35)?
2, 37, 163
Suppose -316008 = -40*l + 1529136 + 991456. What are the prime factors of l?
5, 13, 1091
What are the prime factors of (30 - 6969/230)*(-656)/3*635?
2, 41, 127
Suppose 348 = -0*r + 6*r. Let j = r - -73. List the prime factors of j.
131
Let o(g) be the first derivative of -23*g**2/2 + 6*g + 75. What are the prime factors of o(-19)?
443
Suppose -2573 - 20668 = -127*l. Suppose 5*p = 3*i - 5*i + 50, -4*p + 23 = 5*i. Let n = l - p. List the prime factors of n.
3, 19
Suppose 417*s - 4062320 = 127*s. List the prime factors of s.
2, 17, 103
Suppose -17*g + 45587 - 5467 = 0. What are the prime factors of g?
2, 5, 59
Let o(a) = -a**3 - 8*a**2 + 7*a + 18. Let r be o(-9). Let v = r + -33. Suppose -v*i + 4*d = -366, 3*d - 249 + 22 = -2*i. What are the prime factors of i?
2, 59
Let m = -61 - 24. Let x = -28 - m. What are the prime factors of x?
3, 19
Let 